t is the tens digit of 998424308?
0
What is the ten thousands digit of 1347768?
4
What is the thousands digit of 71987916?
7
What is the tens digit of 51184357?
5
What is the hundred thousands digit of 37545564?
5
What is the hundred thousands digit of 176938618?
9
What is the billions digit of 3695364060?
3
What is the hundred thousands digit of 526508005?
5
What is the thousands digit of 41568968?
8
What is the ten millions digit of 78276566?
7
What is the hundred thousands digit of 1060592378?
5
What is the millions digit of 187916120?
7
What is the hundreds digit of 1550147244?
2
What is the hundred thousands digit of 42017707?
0
What is the hundreds digit of 6214760?
7
What is the ten millions digit of 336842796?
3
What is the millions digit of 6257491801?
7
What is the units digit of 31663395?
5
What is the tens digit of 5057560560?
6
What is the hundred thousands digit of 21102921?
1
What is the ten thousands digit of 112335080?
3
What is the ten millions digit of 545842348?
4
What is the ten thousands digit of 155287855?
8
What is the hundred millions digit of 9320203717?
3
What is the thousands digit of 263971683?
1
What is the units digit of 1436866833?
3
What is the units digit of 18189506?
6
What is the units digit of 1792884779?
9
What is the hundred thousands digit of 46398682?
3
What is the ten millions digit of 1995770011?
9
What is the ten thousands digit of 1357441043?
4
What is the ten thousands digit of 466565007?
6
What is the thousands digit of 4007403960?
3
What is the hundred thousands digit of 957246496?
2
What is the hundreds digit of 40523113?
1
What is the ten millions digit of 79321583?
7
What is the tens digit of 505365719?
1
What is the ten millions digit of 574454159?
7
What is the tens digit of 35668418?
1
What is the millions digit of 1163252572?
3
What is the hundred thousands digit of 4593398545?
3
What is the hundred thousands digit of 121011144?
0
What is the millions digit of 320032932?
0
What is the units digit of 28632370?
0
What is the tens digit of 1601915263?
6
What is the hundred millions digit of 746109230?
7
What is the ten millions digit of 140845633?
4
What is the units digit of 50395637?
7
What is the units digit of 2906174388?
8
What is the ten millions digit of 587688754?
8
What is the thousands digit of 2385678266?
8
What is the millions digit of 14026505?
4
What is the ten millions digit of 364371584?
6
What is the thousands digit of 72356300?
6
What is the ten thousands digit of 216198381?
9
What is the hundreds digit of 36069815?
8
What is the hundred thousands digit of 4201012046?
0
What is the ten millions digit of 46755908?
4
What is the thousands digit of 4246086978?
6
What is the billions digit of 1151835749?
1
What is the hundred thousands digit of 53457071?
4
What is the ten millions digit of 85430610?
8
What is the hundred thousands digit of 3837420788?
4
What is the units digit of 455024233?
3
What is the ten millions digit of 276243162?
7
What is the tens digit of 2567949898?
9
What is the ten millions digit of 219664235?
1
What is the hundred thousands digit of 34884109?
8
What is the ten thousands digit of 9391483706?
8
What is the hundred thousands digit of 527673024?
6
What is the hundred thousands digit of 141936121?
9
What is the ten thousands digit of 93041018?
4
What is the millions digit of 71508898?
1
What is the hundreds digit of 1444314960?
9
What is the thousands digit of 24956107?
6
What is the ten thousands digit of 1420887578?
8
What is the ten millions digit of 119369828?
1
What is the millions digit of 173448298?
3
What is the hundreds digit of 69888499?
4
What is the tens digit of 3200545154?
5
What is the tens digit of 53521488?
8
What is the ten thousands digit of 276879563?
7
What is the hundred thousands digit of 82820501?
8
What is the hundred thousands digit of 46982565?
9
What is the millions digit of 3944823?
3
What is the hundreds digit of 4902453525?
5
What is the hundreds digit of 347268052?
0
What is the thousands digit of 6788321527?
1
What is the units digit of 7126533?
3
What is the hundred thousands digit of 154887968?
8
What is the ten millions digit of 83684740?
8
What is the hundreds digit of 741671282?
2
What is the hundred millions digit of 1571551191?
5
What is the tens digit of 1527028343?
4
What is the thousands digit of 27128026?
8
What is the millions digit of 3078665266?
8
What is the units digit of 155239191?
1
What is the units digit of 26071101?
1
What is the ten millions digit of 861792457?
6
What is the units digit of 116669399?
9
What is the units digit of 620993165?
5
What is the tens digit of 1081418915?
1
What is the units digit of 2548512016?
6
What is the ten thousands digit of 272472396?
7
What is the hundred thousands digit of 1996465760?
4
What is the ten millions digit of 8112249482?
1
What is the billions digit of 2058171315?
2
What is the hundred millions digit of 198140528?
1
What is the thousands digit of 20652205?
2
What is the millions digit of 12709294?
2
What is the hundred thousands digit of 1684728882?
7
What is the hundreds digit of 5089222?
2
What is the hundreds digit of 1571753909?
9
What is the ten millions digit of 493973152?
9
What is the units digit of 734706311?
1
What is the ten millions digit of 66538049?
6
What is the ten millions digit of 1526964014?
2
What is the thousands digit of 129680873?
0
What is the hundreds digit of 129645226?
2
What is the tens digit of 394349919?
1
What is the millions digit of 2687534099?
7
What is the units digit of 349406272?
2
What is the thousands digit of 379602761?
2
What is the millions digit of 159654300?
9
What is the units digit of 306356742?
2
What is the thousands digit of 335248066?
8
What is the hundreds digit of 2355157125?
1
What is the ten thousands digit of 418254313?
5
What is the thousands digit of 15181147?
1
What is the ten millions digit of 856034733?
5
What is the hundred millions digit of 101494474?
1
What is the hundreds digit of 1538594363?
3
What is the hundred millions digit of 661136942?
6
What is the tens digit of 243668089?
8
What is the hundred thousands digit of 18198932?
1
What is the units digit of 22018972?
2
What is the millions digit of 5795523210?
5
What is the ten thousands digit of 171830101?
3
What is the billions digit of 2175121397?
2
What is the millions digit of 4555930?
4
What is the millions digit of 141431715?
1
What is the hundreds digit of 49685634?
6
What is the thousands digit of 97967118?
7
What is the ten millions digit of 170234944?
7
What is the hundreds digit of 38557409?
4
What is the ten thousands digit of 165919666?
1
What is the hundreds digit of 224798439?
4
What is the hundred millions digit of 1505478432?
5
What is the units digit of 615551857?
7
What is the ten thousands digit of 1366829485?
2
What is the millions digit of 2882513396?
2
What is the hundreds digit of 12765675?
6
What is the hundred millions digit of 383879992?
3
What is the tens digit of 594438569?
6
What is the hundred thousands digit of 558651376?
6
What is the hundred millions digit of 387190266?
3
What is the units digit of 168086875?
5
What is the ten millions digit of 465632682?
6
What is the hundred thousands digit of 323918011?
9
What is the millions digit of 2500320143?
0
What is the units digit of 25850128?
8
What is the thousands digit of 38048547?
8
What is the ten millions digit of 3169956734?
6
What is the hundreds digit of 152624608?
6
What is the thousands digit of 56006089?
6
What is the ten thousands digit of 453384163?
8
What is the millions digit of 195389048?
5
What is the thousands digit of 6442286?
2
What is the billions digit of 1276040385?
1
What is the ten millions digit of 29455569?
2
What is the units digit of 29467102?
2
What is the hundreds digit of 44147639?
6
What is the hundreds digit of 129488443?
4
What is the thousands digit of 296111754?
1
What is the hundred thousands digit of 166369123?
3
What is the billions digit of 1882873371?
1
What is the millions digit of 153507955?
3
What is the hundreds digit of 200372971?
9
What is the hundred millions digit of 6665066357?
6
What is the hundreds digit of 1439996935?
9
What is the units digit of 496466513?
3
What is the thousands digit of 516014039?
4
